46. Is o a prime number?
False
Is (-322)/(-138)*1007718/14 a composite number?
False
Let g(k) = -k**3 - 7*k**2 + 6*k - 5. Let z be g(-7). Let l(c) = 58*c - 350. Let f be l(-8). Let v = z - f. Is v a composite number?
True
Suppose -2*p - 1 - 1 = 0, 5*m - 44082 = -3*p. Suppose 0 = -5*f - 2*h + 14707, 2*h = 3*f + 5*h - m. Let z = -1574 + f. Is z composite?
True
Let o(g) = 2*g**2 + 1 + 0*g**2 + 28*g + 0*g**2. Let c = -1253 + 1267. Is o(c) prime?
False
Let k(q) = -q - 5. Let v be k(3). Let c(f) = -2*f**3 - 10*f**2 - 13*f - 5. Let p be c(v). Suppose 1 - 6 = d, -d = -s + p. Is s a prime number?
False
Let d be (-35)/((-2)/(-8)*4) + 3. Let o = d + 19. Is (-172023)/(-33) - (1 - o/(-11)) a prime number?
False
Let r = -95477 + 253452. Suppose 32*l + 19511 = r. Is l prime?
True
Let f = 508 + -506. Suppose -3*h + 9 = 0, 4879 + 1932 = 5*a + f*h. Is a composite?
False
Let d be (-1)/((-6)/5277*9/18). Let r = 546 + d. Is r a composite number?
True
Let t be 37924/3 + 30/45. Suppose 0 = -4*d + 2*z + t, 8695 + 3932 = 4*d - 5*z. Is d prime?
True
Let u(y) = 1379*y**2 + 71*y + 1985. Is u(-22) a prime number?
True
Suppose 3*w - 3*m + 4*m = -32586, -4*w - 5*m = 43459. Let f = 22324 + w. Is f a composite number?
True
Suppose -72 = 4*x - 444. Suppose -95*b + x*b + 5118 = 0. Let a = b + 2050. Is a a composite number?
True
Let q(i) = -2676*i**3 + 3*i**2 + 9*i - 11. Is q(-3) a prime number?
False
Let i = -6499 + 12333. Is i composite?
True
Suppose -331*h - 2*w + 777018 = -327*h, -4*h + 5*w = -777025. Is h composite?
True
Suppose c - 5*c + 3*a - 5882 = 0, -5*c - 3*a - 7339 = 0. Let z be (-61960)/25 - (-4)/10. Let l = c - z. Is l a prime number?
True
Suppose 3*b = 3*l + 6, l - 22 = -5*b - 0. Let o be 5161/(-91) - l/7. Let u = 88 + o. Is u a prime number?
True
Let i be (-4)/18 - 3/(-27)*-25. Let t be 4/(-18) - (i - 96/(-54)). Is (3/3)/(t/467) prime?
True
Suppose -m - 7 = 4*r + 2*m, 0 = 3*r - 5*m - 31. Suppose 2*q = 0, 2*u + 2*q = -r*q + 8. Suppose i = -u*p + 1117, -i - 5585 = -6*i - 5*p. Is i a composite number?
False
Let k(p) = -2*p**2 - 7*p + 2. Let o be k(-4). Is (313902/(-135))/(o/5) a composite number?
False
Is (10 - (20 - 5)) + 10998 composite?
False
Suppose 11772303 = -159*t + 67346986 + 168223064. Is t prime?
True
Suppose 11*m = -d + 7*m + 43375, 5*d - 216900 = 5*m. Is d a composite number?
True
Suppose 0 = -66*v + 49196762 - 17803532. Is v composite?
True
Suppose 3*i - 53051 = -3*x + 20236, -4*x = -4*i + 97748. Is i prime?
False
Let a be (-32)/(-24) - (-15)/9. Suppose -a*w = -1794 - 7047. Is w a prime number?
False
Is (-2 - 12/(-8))*465890520/(-60) composite?
False
Let f = 53862 - -174785. Is f prime?
True
Let v = 136 + -64. Let n = 74 - v. Suppose -n*h + 204 = -406. Is h prime?
False
Let s(i) = -39651*i + 4163. Is s(-40) a composite number?
False
Suppose -52*z + 11339032 + 13130001 = 5434277. Is z a prime number?
True
Let k(r) = 2235*r + 1781. Is k(8) prime?
True
Suppose 6*n - 5*n = 2343. Suppose 5*c - n = 1202. Is c composite?
False
Suppose 6 = -8*v + 446. Let i = -47 + v. Is -4*(28/i)/(-7) + 111 a composite number?
False
Let v(g) = g**3 + 8*g**2 + 8*g - 2. Let p be v(-2). Suppose 0 = t - 4*i - 2113, -4*t + 4*i - p*i + 8398 = 0. Is t a prime number?
False
Let m = 27942 + 439247. Is m a prime number?
False
Let y = 747 + -752. Is (y/(-3) - 2)/(7/(-355257)) a composite number?
True
Suppose o = -3 + 2. Let p be (o + 4)/((-18)/(-12)). Suppose 0 = -0*j - p*j + 638. Is j composite?
True
Suppose 5*i = -2*q + 659827, -i + 10*q - 7*q = -131962. Is i composite?
True
Let b be ((-29)/2 - -7)*(-8)/5. Suppose 62 = b*m - 10. Is ((-2302)/m)/(6/(-18)) a prime number?
True
Let i(m) = m**2 + 5*m - 63. Let a be i(6). Suppose 0 = a*l - 4*w + 18594 - 66057, -4*l - 3*w + 63259 = 0. Is l prime?
True
Let q(z) = 52*z**2 + 8*z - 15. Suppose -11*n = -4*n - 56. Is q(n) a composite number?
True
Is 2676296/(12/(-3))*1*3/(-6) a composite number?
True
Let a(o) = -24*o + 8*o**2 + 89 + 49 - 71. Is a(-27) a prime number?
True
Let l = -170032 + 282803. Is l a prime number?
True
Suppose 19*m - 58788 = 9745. Is m a prime number?
True
Let k = -592903 + 1042224. Is k a composite number?
False
Let i(l) = -2*l**2 - 14*l + 22. Let x be i(-9). Let t = x - -18. Suppose -t*g + 1925 + 239 = 0. Is g a composite number?
False
Let h(o) = o**3 - 13*o**2 + 19*o + 8. Let n be h(11). Let k be n/75 - (-29)/(-3). Is 7466/10 - (-6)/k - 3 prime?
True
Let a(j) = 55*j**2 - 11*j - 5. Let f be (1 + 1)*-2*-2. Is a(f) a composite number?
True
Let x be 7 - (-5 - (-7 + -4)). Is (0 + -2 - -1943) + (5 - x) a prime number?
False
Suppose -3*z + 20 = 2*i, i = -1 - 1. Let j = z - 4. Suppose y + 789 = j*y. Is y composite?
False
Let a(q) = 628*q + 381. Is a(32) prime?
True
Suppose -54*k + 1400093 + 1243791 = -2310778. Is k prime?
True
Let h = 3026 - -766. Let v(p) = -p**3 + 8*p**2 - 6*p - 3. Let u be v(7). Suppose -1228 = -u*t + h. Is t a composite number?
True
Suppose 5*u + 15 = 10*u. Let d be (-9874)/(-10) - (-3)/5. Suppose 0 = -4*i - 4, -d = -0*m - m + u*i. Is m a prime number?
False
Suppose -3*y = -1976 - 1441. Let z be (-720)/(-112) - (-80)/(-56). Suppose -k + 892 = z*o, 0 = -2*k + 4*o + 603 + y. Is k a composite number?
False
Let d(z) = -6087*z - 67. Is d(-4) a prime number?
True
Suppose -24*l + 21112 = -6512. Is l a prime number?
True
Suppose -100*p + 39110457 = 21676338 - 33712981. Is p prime?
False
Let v(n) = 2*n**3 + 10*n**2 - 14*n + 241. Is v(18) composite?
True
Let t be (-14)/(-8)*(-1 - -21). Suppose x + 2*h - 41 = 0, -x - 5*h + 118 = 2*x. Suppose -x*w - 2540 = -t*w. Is w a prime number?
False
Suppose 247545 = 5*w + 4*v, -4*v - 299910 = -5*w - 52325. Suppose s - t - 5164 = 19595, 2*s - 3*t = w. Is (-2)/(-11) - s/(-44) a composite number?
False
Let o = -7 - -17. Let l = -2053 + 8601. Suppose -6*t - l = -o*t. Is t prime?
True
Let o be ((-6)/9)/((-20)/(-28590)). Let y = 6174 + o. Is y a composite number?
True
Suppose 0 = 6*u - 187 - 527. Let i(d) = u + 4*d**2 - 100 + 8*d - 2*d**2. Is i(8) a prime number?
True
Let j(c) = 5970*c + 7939. Is j(57) a prime number?
False
Let r be (-2 - 4/(-2))/1. Suppose r = 22*u + 3*u - 162275. Is u a composite number?
False
Suppose -297001 = -135*q + 128471 - 116322. Suppose 0 = 5*i - 6*i + 3. Suppose 0 = 2*u + i*s - 1852 + 324, 0 = -3*u - 4*s + q. Is u a composite number?
True
Suppose 22 = 5*t - 5*k + 2*k, -4*t - 3*k - 4 = 0. Suppose -4*r - 4*i + 4943 = -5577, -5262 = -t*r - 4*i. Suppose -3*d + 2*d = -r. Is d composite?
True
Let y = -11 - -15. Suppose 4*v - a - 3 - 12 = 0, -v = -y*a + 15. Suppose -j + 2274 = v*j. Is j a prime number?
True
Let f(y) = 10*y**3 + 5*y**2 + 3*y - 20. Let j be f(9). Let w be 2 + -3 + -2 - j/(-2). Suppose -3*n = l + 4*l - w, -l + 768 = -n. Is l a composite number?
False
Let t be -327*(-253)/(-66)*(1 + -3). Suppose 0 = -4*y - 5*l - 683 + 5742, 0 = 2*y - 5*l - t. Is y a composite number?
True
Let a be -2*3/15 - (-6237)/5. Let s = a + 656. Suppose -s = -5*p + 387. Is p a prime number?
False
Let s(m) = -1807*m + 17. Let u be s(-2). Suppose -x + 1152 = -u. Is x a composite number?
False
Let p = -11312 + 19459. Is p a prime number?
True
Is ((-69008515)/555)/(1 - (-4)/(-3)) a prime number?
True
Let v be ((-11)/(-22))/((-1)/4) + -32. Let o(t) = -t**3 - 33*t**2 + 4*t + 59. Is o(v) prime?
False
Let q(a) = -128*a**2 - 3*a - 1. Let p(u) = -u**2 + u - 1. Let j(v) = -p(v) - q(v). Let n be j(-3). Let z = n + -488. Is z a prime number?
False
Let n(x) = 60*x**2 + 21*x + 116. Let g be n(-5). Suppose t + 3*r - r = 1520, -r = -t + g. Is t a composite number?
True
Suppose 2*t + 4*k = -300, 3*k = -5 + 14. Is (-65918)/(-14) - (t/(-21) - 8) composite?
True
Suppose 0 = 5*p - p - 2*q + 2, -5*p - 5*q + 5 = 0. Let r(h) = -h + 6092. Let y be r(p). Let w = y + -4191. Is w a composite number?
False
Let f(a) = 4*a**2 + 2. Let c be ((-20)/(-50) + (-24)/10)*-1. Let h be f(c). Is (-27348)/8*(-12)/h composite?
True
Suppose -11 = -31*u + 51. Is 36/(-9) - u/(2/(-3741)) prime?
False
Let v(w) = -w**3 + 2*w**2 + w. Let y(d) = -d**2 - 4*d + 7. Let c be y(-5). Let n be v(c). Suppose n*f - 3436 = 666. Is f a composite number?
True
Suppose -15 = -53*l + 50*l. Suppose 4*j + 5*i = 2228, 8*j = 10*j - l*i - 1114. Is j composite?
False
Let k(x) = -10*x**3 - 25*x**2 + 117*x - 605. Is k(-34) a prime number?
False
Let j = 